{"id":9922,"date":"2025-08-14T20:45:20","date_gmt":"2025-08-14T18:45:20","guid":{"rendered":"https:\/\/haydneum.com\/programok\/haydneum-liszt-academy-series-2-baroque-advent\/"},"modified":"2026-04-09T13:22:45","modified_gmt":"2026-04-09T11:22:45","slug":"haydneum-liszt-academy-series-2-baroque-advent","status":"publish","type":"tribe_events","link":"https:\/\/haydneum.com\/en\/events\/haydneum-liszt-academy-series-2-baroque-advent\/","title":{"rendered":"Baroque Advent"},"content":{"rendered":"<p>Franti\u0161ek Ignac T\u016eMA (1704-1774): Miserere in F minor, AMC, T. 8.<br \/>\nJohann Sebastian BACH (1685-1750): Selig ist der Man \u2013 cantata, BWV 57 (first performance: 26.12.1725.)<br \/>\nGeorg Philipp TELEMANN (1681-1767): Wer nur den lieben Gott l\u00e4sst walten \u2013 cantata, TWV 1:1593<br \/>\n\u2014<br \/>\nJohann Sebastian BACH: Ich hab in Gottes Herz und Sinn \u2013 cantata, BWV 92 (first performance: 28.01.1725)<br \/>\nGeorg Philipp TELEMANN: Jesus Christus unser Heiland \u2013 cantata, TWV 1:976<\/p>\n<p><strong>PREVIEW From 6:30 p.m. in the Concert Hall I of the Liszt Academy with Ferenc L\u00e1szl\u00f3<br \/>\n<\/strong><br \/>\n<em>Admission to the evening concert with a ticket, in order of arrival (max. capacity: 50 people), after registration:<br \/>\n<\/em><a href=\"https:\/\/docs.google.com\/forms\/d\/1bBceFTZv5SeLw7V5IJaTrxhh4-tScL0UgkMi9NtUUfg\/viewform?edit_requested=true\">REGISTER<\/a><\/p>\n<p>In addition to two 300-year-old Bach cantatas and two French-style Telemann cantatas, the concert will feature an exceptionally poetic rarity: Franti\u0161ek Ign\u00e1c T\u016fma&#8217;s Miserere in F minor, one of whose rare contemporary manuscript sources comes from the collection of the Diocese of Gy\u0151r. Gy\u00f6rgy Vashegyi&#8217;s historical ensembles will be joined by outstanding soloists, including prominent performers from the Hungarian early music scene: Zolt\u00e1n Megyesi (tenor), Zolt\u00e1n Melkovics (bass) and Viola Thurnay (alto), as well as New Zealand-born Ella Smith (soprano), a regular guest of Haydneum and the Hungarian early music scene.<\/p>\n","protected":false},"excerpt":{"rendered":"<p>In addition to two Telemann and two Bach cantatas, the concert will feature a rarity: Franti\u0161ek Ign\u00e1c T\u016fma&#8217;s uniquely poetic Miserere, performed by Gy\u00f6rgy Vashegyi and his ensembles.<\/p>\n","protected":false},"author":1,"featured_media":4879,"template":"","meta":{"_acf_changed":false,"inline_featured_image":false,"_price":"","_stock":"","_tribe_ticket_header":"","_tribe_default_ticket_provider":"","_tribe_ticket_capacity":"0","_ticket_start_date":"","_ticket_end_date":"","_tribe_ticket_show_description":"","_tribe_ticket_show_not_going":false,"_tribe_ticket_use_global_stock":"","_tribe_ticket_global_stock_level":"","_global_stock_mode":"","_global_stock_cap":"","_tribe_rsvp_for_event":"","_tribe_ticket_going_count":"","_tribe_ticket_not_going_count":"","_tribe_tickets_list":"[]","_tribe_ticket_has_attendee_info_fields":false,"_tribe_events_status":"","_tribe_events_status_reason":"","_tribe_events_is_hybrid":"","_tribe_events_is_virtual":"","_tribe_events_virtual_video_source":"","_tribe_events_virtual_embed_video":"","_tribe_events_virtual_linked_button_text":"","_tribe_events_virtual_linked_button":"","_tribe_events_virtual_show_embed_at":"","_tribe_events_virtual_show_embed_to":[],"_tribe_events_virtual_show_on_event":"","_tribe_events_virtual_show_on_views":"","_tribe_events_virtual_url":"","footnotes":"","_tec_slr_enabled":"","_tec_slr_layout":""},"tags":[],"tribe_events_cat":[96],"class_list":["post-9922","tribe_events","type-tribe_events","status-publish","has-post-thumbnail","hentry","tribe_events_cat-haydneum-liszt-academy-series","cat_haydneum-liszt-academy-series"],"acf":[],"ticketed":false,"_links":{"self":[{"href":"https:\/\/haydneum.com\/en\/wp-json\/wp\/v2\/tribe_events\/9922","targetHints":{"allow":["GET"]}}],"collection":[{"href":"https:\/\/haydneum.com\/en\/wp-json\/wp\/v2\/tribe_events"}],"about":[{"href":"https:\/\/haydneum.com\/en\/wp-json\/wp\/v2\/types\/tribe_events"}],"author":[{"embeddable":true,"href":"https:\/\/haydneum.com\/en\/wp-json\/wp\/v2\/users\/1"}],"version-history":[{"count":1,"href":"https:\/\/haydneum.com\/en\/wp-json\/wp\/v2\/tribe_events\/9922\/revisions"}],"predecessor-version":[{"id":12735,"href":"https:\/\/haydneum.com\/en\/wp-json\/wp\/v2\/tribe_events\/9922\/revisions\/12735"}],"wp:featuredmedia":[{"embeddable":true,"href":"https:\/\/haydneum.com\/en\/wp-json\/wp\/v2\/media\/4879"}],"wp:attachment":[{"href":"https:\/\/haydneum.com\/en\/wp-json\/wp\/v2\/media?parent=9922"}],"wp:term":[{"taxonomy":"post_tag","embeddable":true,"href":"https:\/\/haydneum.com\/en\/wp-json\/wp\/v2\/tags?post=9922"},{"taxonomy":"tribe_events_cat","embeddable":true,"href":"https:\/\/haydneum.com\/en\/wp-json\/wp\/v2\/tribe_events_cat?post=9922"}],"curies":[{"name":"wp","href":"https:\/\/api.w.org\/{rel}","templated":true}]}}

<p>František Ignac TŮMA (1704-1774): Miserere in F minor, AMC, T. 8.<br />
Johann Sebastian BACH (1685-1750): Selig ist der Man – cantata, BWV 57 (first performance: 26.12.1725.)<br />
Georg Philipp TELEMANN (1681-1767): Wer nur den lieben Gott lässt walten – cantata, TWV 1:1593<br />
—<br />
Johann Sebastian BACH: Ich hab in Gottes Herz und Sinn – cantata, BWV 92 (first performance: 28.01.1725)<br />
Georg Philipp TELEMANN: Jesus Christus unser Heiland – cantata, TWV 1:976</p>
<p><strong>PREVIEW From 6:30 p.m. in the Concert Hall I of the Liszt Academy with Ferenc László<br />
</strong><br />
<em>Admission to the evening concert with a ticket, in order of arrival (max. capacity: 50 people), after registration:<br />
</em><a href="https://docs.google.com/forms/d/1bBceFTZv5SeLw7V5IJaTrxhh4-tScL0UgkMi9NtUUfg/viewform?edit_requested=true">REGISTER</a></p>
<p>In addition to two 300-year-old Bach cantatas and two French-style Telemann cantatas, the concert will feature an exceptionally poetic rarity: František Ignác Tůma&#8217;s Miserere in F minor, one of whose rare contemporary manuscript sources comes from the collection of the Diocese of Győr. György Vashegyi&#8217;s historical ensembles will be joined by outstanding soloists, including prominent performers from the Hungarian early music scene: Zoltán Megyesi (tenor), Zoltán Melkovics (bass) and Viola Thurnay (alto), as well as New Zealand-born Ella Smith (soprano), a regular guest of Haydneum and the Hungarian early music scene.</p>

<p>In addition to two Telemann and two Bach cantatas, the concert will feature a rarity: František Ignác Tůma&#8217;s uniquely poetic Miserere, performed by György Vashegyi and his ensembles.</p>
